et k = 34 + 5. Calculate the remainder when h is divided by k.
37
Let a = 716 + -686. Suppose 520 = a*b - 350. What is the remainder when b is divided by (10/(-3))/((-6)/27)?
14
Let o = -3078 + 3125. Calculate the remainder when 216 is divided by o.
28
Suppose 12*g = -24246 + 25782. What is the remainder when 359 is divided by g?
103
Suppose 14 = 4*h - 2*l, 4*l + 6 = -21*h + 18*h. Suppose h*s - 5*s = -57. What is the remainder when s is divided by 5?
4
Suppose l - 7*l = 13*o - 8*l - 1286, 7 = l. What is the remainder when o is divided by 248/10 + 2/10?
0
Suppose 0 = 4*m + m - 190. What is the remainder when m is divided by 5*(-62)/465 - 142/(-6)?
15
Suppose -2*p + 493 = 3*p + 3*b, 4*p - 3*b - 416 = 0. Suppose -2*k + 3*k - 34 = 0. Calculate the remainder when p is divided by k.
33
Let c = -1030 - -1819. Suppose -c + 225 = -12*p. What is the remainder when p is divided by 10?
7
Let s be 28/(-70)*(-15)/3. Suppose i - 84 = -s*h, -68 - 142 = -5*h + 2*i. What is the remainder when h is divided by 11?
9
Calculate the remainder when 546 is divided by ((-90)/(-540))/((-1)/(-114)).
14
Suppose 367 = 2*h + 2*h + 5*g, -3*g = -9. What is the remainder when h is divided by (-118 + 163)*(-2)/6 + 65?
38
Suppose 2*z - 58 = 2*t, 17 - 66 = -2*z - t. Suppose 5*n + 5*d = 125, 3*n - 7*d - 68 = -3*d. Calculate the remainder when (22 + 1)/1*(z - 24) is divided by n.
22
Suppose -10*r - 7*r - 166 = -1526. Suppose 3*m = o + m - 41, -4*o - 2*m = -164. Calculate the remainder when r is divided by o.
39
Let i(u) = 2365*u**2 - 122*u + 112. What is the remainder when i(1) is divided by 44?
23
Let a be -15 - -30 - (-2)/1*2. Calculate the remainder when 281 is divided by (47/(-4)*2)/(a/(-38)).
46
Suppose -5*p = -r + 704, -p = -3*r + 365 + 1831. Calculate the remainder when r is divided by 19.
12
Let u be (-1)/2 - (-6273)/(-18). Let x = -309 - u. What is the remainder when 109 is divided by x?
29
Suppose -m - 27 = -4*a, -3*m = -7*a + 3*a + 41. Let c(j) be the second derivative of -2*j**3/3 - 9*j**2 + 3*j. What is the remainder when c(m) is divided by 5?
0
Let o = -6045 - -6161. What is the remainder when 260 is divided by o?
28
Let l(f) = f + 29. Let z be l(-26). Suppose -5*w = 5*q - 150, 0 = -4*w + z*q - q + 90. Suppose 0 = a - 49 + 4. What is the remainder when a is divided by w?
20
Let h = 7889 + -7842. What is the remainder when 2063 is divided by h?
42
Suppose -27 = -5*w + 3*m, -2*w - w + 16 = -2*m. Calculate the remainder when 95 is divided by (5 - -3 - 3)/(w/30).
20
Suppose 3*g = 2*x + 74, -g + 3*x = -12 - 1. What is the remainder when (-15168)/480*(-5)/2 is divided by g?
23
Suppose 286*l - 3635 = 282*l + 3*k, -1819 = -2*l + 3*k. What is the remainder when l is divided by 65?
63
Let b = 1750 - 1260. What is the remainder when b is divided by 29?
26
Let m be ((-20)/((-10)/(-5)))/2. Let v(k) = -6*k - 12. Let u be v(m). What is the remainder when 100 is divided by (34/6)/(u/108)?
32
Suppose 61 = 3*a + 2*y - 9, 4*a - 3*y = 65. Let o = -383 - -383. Calculate the remainder when (2 - o - 1)/((-12)/(-456)) is divided by a.
18
Let s be ((-20)/3)/((-14)/63). Suppose -3*r + 2*r = -65. What is the remainder when r is divided by (144/s - 5) + (-222)/(-10)?
21
Let f be 410/(-164) - (-2 + 102/4). Let a(p) = p**3 - p**2 - p + 7. Let n be a(0). Let i = n - f. Calculate the remainder when 162 is divided by i.
30
Let g be -2 + 2/(-4)*(-248 + -2). Let n = g + -109. What is the remainder when 80 is divided by n?
10
Let i(j) = j**2 - 54*j + 165. Let x be i(54). Let c = 175 - x. What is the remainder when 59 is divided by c?
9
Let s = 5852 - 3215. What is the remainder when s is divided by 24?
21
Suppose 4*l - 223*a = -227*a + 572, l = 2*a + 146. Calculate the remainder when 1138 is divided by l.
130
What is the remainder when 4207 is divided by 62 + 33/(-11) + 1*(2 - 7)?
49
What is the remainder when 91 is divided by (1*(-6)/4)/(22/(-1320))?
1
Let t = -200 - -211. Suppose -197 - t = -i. What is the remainder when i is divided by 19?
18
Let l be 2000/24 - (-6)/9. Let v be 8/12*l/2. Suppose v = -0*b + b. What is the remainder when 78 is divided by b?
22
Suppose 68 = -3*i + 7*i. Suppose -100 = -4*v - 5*j, 5*j + 1459 = 4*v + 1399. Calculate the remainder when v is divided by i.
3
Let s(z) = -144*z**2 - 1007*z + 14. Calculate the remainder when 5633 is divided by s(-7).
5
Let m(y) = -11*y**3 + 6*y**2 + 9*y + 8. Let s be m(-3). Let z = s - 325. Calculate the remainder when 57 is divided by z.
1
Let a(d) = d**3 + 149*d**2 - 1090*d - 6. Calculate the remainder when 2596 is divided by a(7).
4
Let l(i) = -i. Let c be l(2). Let f be (-40)/(-18) - c/(-9). Suppose 5*h - 4*y - 15 = 15, 0 = 4*h - f*y - 18. What is the remainder when 7 is divided by h?
1
Let o(b) = 20*b**2 + 124*b + 1057. What is the remainder when 2691 is divided by o(-8)?
1
Let v be (-6*4)/(-4) - -3. Let j(s) = -4*s + 38. Let i be j(v). Suppose 18 = 2*a + 3*p - 5, i*a + 5*p = 29. What is the remainder when 26 is divided by a?
5
Let d = 2982 + -2871. What is the remainder when d is divided by 52?
7
Let j(p) be the third derivative of -p**5/60 - 11*p**4/12 - 8*p**3/3 - 4*p**2. What is the remainder when j(-17) is divided by 14?
13
Suppose -484*v + 19033 + 811 = 0. Let s be (-40)/6*(-6)/4. Let q = s + 5. Calculate the remainder when v is divided by q.
11
Suppose 5*w + 20 - 80 = -3*f, -2*f - w + 40 = 0. Suppose 0 = 13*x - 8*x - 60. Calculate the remainder when f is divided by x.
8
Suppose -12*j + 16 = -8*j. Suppose j*b - 504 = 2*x, 2*b + 2*x = 4*b - 250. Suppose -3*m - b = -313. Calculate the remainder when m is divided by 22.
18
Let b(q) = -q - 3. Suppose 146*o = -18*o - 244*o + 408. What is the remainder when o is divided by b(-4)?
0
Let z(k) = 20 + 2442*k - 2429*k + 74. Calculate the remainder when z(-5) is divided by 10.
9
Suppose -w + 33 = -3. Let g be 8/(-10) - (-14)/5. Suppose -d + 360 = d - 4*i, -3*d = g*i - 532. Calculate the remainder when d is divided by w.
34
Let c(l) be the first derivative of -2*l**2 + 163*l - 70. Calculate the remainder when c(25) is divided by 11.
8
Suppose 0 = -4*v - 2*a + 728, 0 = v + 4*v + 5*a - 915. Let x = 21283 + -21222. What is the remainder when v is divided by x?
59
Let r = -8711 + 8835. What is the remainder when 166 is divided by r?
42
Let p be ((-762)/10)/(6/(-20)). Let l = 356 - p. Let a = 15 - 2. Calculate the remainder when l is divided by a.
11
Let l(v) = -v**2 + 217*v - 11562. Let q(o) = -o + 106. What is the remainder when q(0) is divided by l(96)?
52
Let n = -8 + 6. Suppose 17*t + 274 = -2*w + 14*t, 2*w = -t - 270. Calculate the remainder when w/(-6)*(-1 + 2 - n) is divided by 23.
21
Calculate the remainder when 2281 is divided by -10*(81/(-18)*1)/((-20)/(-8)).
13
Let f = 7754 + -5070. Calculate the remainder when f is divided by 15.
14
Let o = 197 - 155. Suppose o = 5*b - 468. Suppose -3*y = 5*x - 186, x = y + 4*y + 26. Calculate the remainder when b is divided by x.
30
Suppose -4*h = -q - 2*h + 180, q = 3*h + 175. Let t = -113 + q. Calculate the remainder when t is divided by 20.
17
Suppose 8*i + 3465 = 4009. What is the remainder when 10335 is divided by i?
67
Suppose 25 = 5*a, -j - 26 = -2*a - 3*a. Let t(x) = -2*x**3 + 233*x**2 - 114*x - 208. What is the remainder when j - 3*-1 - -41 is divided by t(116)?
19
Let h(p) = 8*p**3 - 2*p**2 - p + 2. Let s be h(1). Calculate the remainder when 5049/102 - (-2 - s/(-2)) is divided by 7.
6
Let i = 24 + -29. Let v(p) be the third derivative of -p**4/4 - p**3/3 + 5*p**2. Calculate the remainder when v(i) is divided by 6.
4
Let h(z) = -15*z - 101. Let f be h(-7). Let t(i) = 3*i**2 + 7*i + 8. Calculate the remainder when t(f) is divided by 8.
4
Let r be 2/(-13) + (-16470)/(-78). Let n = 254 - r. Let u(s) = 6*s**2 - 1. What is the remainder when n is divided by u(2)?
20
Calculate the remainder when 1150 is divided by ((-12)/(-27)*-3)/(-1*4/150).
0
Suppose 4*o = -j + 139, 2*o - j - 41 = o. Let w(c) be the first derivative of 3*c**2 + 5*c - 4. Calculate the remainder when w(16) is divided by o.
29
Let f = -120 - -188. Suppose -2*h = 4*z - 64, -34*z = -33*z - 2*h - 31. Calculate the remainder when f is divided by z.
11
Let t(s) = -33*s + 433. What is the remainder when t(9) is divided by 47?
42
Let a = 617 - 603. Suppose -a*l + 15*l - 3*q = 69, 3*l + q